*w + 252. Suppose -3*j = -3*t - 54, 6*j - j - t = 74. What is the greatest common divisor of j and w?
14
Let x = 444 - 426. Calculate the greatest common factor of x and 150.
6
Let g(u) = u**2 + 18*u + 85. Let o be g(-10). What is the greatest common divisor of o and 35?
5
Let d be ((-25)/3)/((-9 + 6)/9). Suppose 13 = 5*t - k - 14, t - 2*k - 9 = 0. Calculate the greatest common divisor of t and d.
5
Let x be (221/65)/((-3)/(-45)). Calculate the greatest common divisor of 1377 and x.
51
Suppose 4*p + 163 = 5*o - 95, -p + 148 = 3*o. Calculate the highest common factor of 50 and o.
50
Suppose 0 = -8*t + 2*t + 12. Let m be -4 - (-4 + 2)*t. Suppose d - 5 - 43 = m. What is the highest common divisor of d and 16?
16
Let z be 1 + -2 + (4 - 4). Let w(l) = l**3 - 2*l - 1. Let o be w(z). Let t = o - -24. Calculate the greatest common factor of 36 and t.
12
Let c be -7*(-6)/63 + 49/3. What is the highest common factor of 68 and c?
17
Let z(l) = -4*l + l**2 + 5*l + 3*l - 2*l. Let b be z(-12). Suppose -10*t + 5*t = -b. What is the highest common divisor of 12 and t?
12
Suppose 4*o + 3*c - 79 = 0, -17*o + 3*c = -15*o - 35. Calculate the highest common divisor of 1881 and o.
19
Let z be (-6)/16 - (-15579)/72. Calculate the highest common factor of 81 and z.
27
Let n = 229 - 173. Let y(f) = -2*f. Let z be y(-4). What is the greatest common factor of z and n?
8
Let y be (-46)/(-322) - 152/(-14). What is the greatest common divisor of 2 and y?
1
Let d be (32/(-20))/((-2)/5). Suppose -5*s - 5*t = -10*t - 320, d*s = -t + 261. Let x = -22 + 48. Calculate the greatest common factor of x and s.
13
Let p(i) = 6*i + 2. Let j be p(0). Suppose 0 = 4*q + 2*m - 42, 4*q - q = -j*m + 34. What is the greatest common divisor of q and 12?
4
Suppose 18*w - 57 = 663. Suppose 15 = -5*u, -o + 3*u - 55 = -5*o. Calculate the greatest common divisor of o and w.
8
Suppose -4*r + 3 = -1. Let b be 31 - (-2 + 3)/r. Suppose -30 = -m - 10. What is the highest common factor of b and m?
10
Let z be (-2)/(6/(-45)*-3). Let w be (-10 - z)/(15/(-18)). Calculate the greatest common divisor of 54 and w.
6
Let u(g) = 6*g**2 + g + 1. Let v be u(-1). Let m be (1 - 6)*(-16)/20. Suppose 40 = 2*x + m*w, 13*w = 16*w + 15. What is the greatest common divisor of v and x?
6
Let z(m) = -3*m + 3. Let g be z(-1). Let q be g/(-4)*128/(-48). Calculate the greatest common factor of 4 and q.
4
Let r be 15/(-10)*8/(-3). Suppose -3*j - 3*z = -267, -5*j + r*z + 343 = -111. Let i be j/(1 - (1 + -1)). Calculate the highest common divisor of 10 and i.
10
Let y = 1535 - 1151. What is the greatest common divisor of y and 12?
12
Let i be 19 + (10/(-25))/(3/30). What is the greatest common divisor of 25 and i?
5
Let r = -114 - -109. Let t(g) = -18*g - 46. Let c be t(r). Calculate the greatest common factor of 33 and c.
11
Suppose -5*f - 6*i = -3*i - 14, 0 = f + i - 4. Let q be ((-1632)/80)/(f/(-5)). What is the greatest common factor of q and 6?
6
Let n be (-3 + 2)/((-3)/30). Suppose -2*z = -n - 14. Suppose 3*w + 2*f = 254, 3*f - 423 = 2*w - 7*w. What is the highest common divisor of z and w?
12
Let c(a) = a**2 + 4. Let n be c(0). Suppose 63 - 275 = -n*u. Suppose 5*v = -j - 3*j + u, 3*v = -2*j + 27. Calculate the highest common factor of 24 and j.
12
Let r(i) = 125*i - 867. Let v be r(7). What is the greatest common divisor of v and 74?
2
Let x(h) = -11*h - 2. Let t(o) = 32*o + 6. Let i(g) = 5*t(g) + 14*x(g). Let w be i(5). Calculate the greatest common divisor of 80 and w.
16
Let v(r) = 2*r + 1. Let s be v(-1). Let d be (6 - 4)*(s - 6). Let h be 7/(-2)*72/d. What is the greatest common factor of h and 27?
9
Let u be -1*1*(-2 + -1). Let q(p) be the first derivative of 3*p**4/4 - 2*p**2 + 3*p - 124. Let z be q(u). What is the greatest common divisor of 9 and z?
9
Let g = 30 + -20. Suppose -2*s = -0*s - g. What is the highest common divisor of s and 25?
5
Let l = 281 - 251. What is the greatest common factor of 120 and l?
30
Let i(r) = 2*r**2 + 50*r + 301. Let z be i(-9). Calculate the highest common divisor of z and 1391.
13
Let a(i) = -2*i**3 - 34*i**2 + 20*i - 30. Let g be a(-19). Calculate the greatest common divisor of 66 and g.
22
Suppose -5*q + 32 = -4*q. Let n(j) = -j**2 - 14*j - 1. Let l be n(-3). What is the highest common factor of q and l?
32
Suppose 0 = 2*h - 5*x - 314, 9*h + 4*x + 478 = 12*h. Calculate the greatest common factor of h and 81.
81
Let f be 7/(-7) + 3 - (0 - 6). Suppose 5*i + f*i = 91. Suppose 3*a = -3*h + 78, -4*a = -h - 2*a + 11. Calculate the highest common divisor of i and h.
7
Let l(j) = 2*j + 14. Let d be l(0). Suppose -d*w - 75 = -299. What is the highest common divisor of 112 and w?
16
Suppose 0 = -0*d - d + 10. Suppose r - 2*t + 58 = 0, -t = -r + 2 - 55. Let j = -23 - r. What is the highest common factor of d and j?
5
Let s = 12 + -4. Let u = -501 + 565. What is the highest common divisor of s and u?
8
Let m be (-780)/(-14) + 2/7. Suppose -n = n - m. Suppose 5*c + 0*y = -y + 124, y = -c + n. Calculate the highest common divisor of c and 3.
3
Let m be (-251088)/(-528) - (-6)/(-11). Calculate the greatest common divisor of m and 38.
19
Let v be 29 - (3 + -7 + 2). Let b = -27 + v. Suppose b*r + 3*p - 8 = 0, -2*p = -4*r + 8*r - 12. Calculate the highest common divisor of r and 2.
1
Let f(x) = -3*x**2 - 110*x + 43. Let b be f(-37). Calculate the greatest common factor of 102 and b.
6
Let m(x) = -x. Let i be ((-20)/8 - -3)*-2. Let v = i - 0. Let o be m(v). What is the highest common factor of 5 and o?
1
Let f(c) = c + 3. Let o be f(4). Let r(m) = 34*m - 7. Let k be r(o). Let b(z) = -27*z - 195. Let d be b(-8). What is the highest common divisor of k and d?
21
Suppose -2*k + 17 = 3*n, -4*n - n - 15 = 0. Let c = -129 - -142. Calculate the greatest common factor of k and c.
13
Let c be 6 + (0 - 2) - -158. What is the greatest common divisor of c and 243?
81
Suppose 2*f - 5 = 3. Let p be 112*(2/f - 0). Suppose -5*a + 5*b = 10*b - 30, -3*a = b - 22. Calculate the greatest common divisor of a and p.
8
Suppose -1572 = -3*w + 3*f, -3*f - 1607 = -3*w - 7*f. Calculate the greatest common divisor of 46 and w.
23
Suppose 0 = 2*k - 69 - 11. Suppose 32 - 8 = -4*t. Let a be (40/(-25))/(t/75). Calculate the highest common divisor of k and a.
20
Suppose -570 = -19*w + 1197. Calculate the greatest common factor of 744 and w.
93
Suppose -163 = -5*f + 12. Suppose 5*c - 4*c - f = 0. Let t be (2 - (-7)/(-4))/(-1) + 1386/264. Calculate the highest common divisor of t and c.
5
Let m = -79 + 111. Let q be ((-72)/m)/((-3)/40). Calculate the greatest common divisor of 3 and q.
3
Let s be (-4)/10 - 272/(-5). Suppose h + s = 2*h. Suppose -14*u + 26*u - 72 = 0. Calculate the greatest common factor of h and u.
6
Let r be 4/8 - 3/2 - -2. Let w be 143 + (r/3)/(1/(-9)). Calculate the highest common divisor of w and 28.
28
Suppose 3*r - 50 = -2*r. Let m = 7613 - 7573. What is the greatest common divisor of r and m?
10
Suppose 0 = -w + 3*w. Suppose -3*o + 19 = -w*o - 2*j, 23 = 5*o + j. Calculate the greatest common factor of o and 20.
5
Suppose -2*i + 3*i = 3*o + 14, 0 = -4*i + 3*o + 47. Let r(p) = -p**2 + 12*p - 9. Let h be r(i). Calculate the greatest common divisor of 1 and h.
1
Let i(b) = 8*b + 24. Let p be i(7). Suppose -15*y = -14*y - p. Calculate the greatest common divisor of 20 and y.
20
Let h be (-13*26 - -3)*4/10. Let s = -62 - h. Calculate the greatest common factor of s and 9.
9
Let h(a) = -30*a**2 - 2*a + 2. Suppose 2*l - 3*j = -0*j - 7, -5*l = -4*j + 7. Let m be h(l). Let x = -16 - m. Calculate the greatest common factor of 154 and x.
14
Suppose 280 = 23*f + 73. Let t be (6/(-4))/(2/(-36)). Calculate the greatest common divisor of f and t.
9
Let j = -1002 - -1080. What is the highest common divisor of 416 and j?
26
Suppose -16 = -3*t + t. Suppose o = 4*v - 27, -3*o = 4*v + 15 - 62. Let m = t + v. What is the highest common divisor of m and 144?
16
Suppose -12*s + 3836 = 2*s. What is the greatest common divisor of s and 2603?
137
Let c be 20*(4 - 2)*14/16. Suppose 10*k - 5 = c. What is the highest common divisor of k and 36?
4
Let t be (5 - 1) + -76 + 86. Calculate the highest common factor of t and 56.
14
Let y be (1 + -1)/(-9 - -10). Suppose -2*a = 3*m - 42, -5*a - 3*m - 2*m + 100 = y. Calculate the highest comm